 + 21*q**2 - 33*q - 47. List the prime factors of d(14).
11839
Let v(m) = -3 + 0 + 0 + 51*m + 7*m**2 + m**3 - 40*m. List the prime factors of v(6).
3, 59
Let v be (-530)/(-25) + (-4)/(-5). Let x = v - 24. What are the prime factors of (-60)/(-9)*(-27)/x?
2, 3, 5
Suppose -k = 1, 4*k - 182 = -3*g + 3*k. Let q = g - -7. List the prime factors of q.
2, 17
Suppose -46*y + 51*y + 60 = 0. What are the prime factors of ((-1859)/(-44))/((-3)/y)?
13
Let z(r) = -r**3 + 5*r**2 - 19*r + 30. Let l be z(2). Suppose l*y - 1992 = h, 5*y - 10*y + 2477 = 2*h. What are the prime factors of y?
7, 71
Let t be (-3971730)/(-630) - (4/(-6) + 1). Suppose -31*k = -1911 - t. What are the prime factors of k?
5, 53
Let j(b) = 41*b**2 - 3*b. Let n(m) = 20*m**2 - m - 1. Let h(z) = 4*j(z) - 7*n(z). List the prime factors of h(3).
2, 13
Let x = -7102 - -12371. What are the prime factors of x?
11, 479
Let l be (-1)/(1/3)*56/(-12). Suppose l*g = -g + 4650. What are the prime factors of g?
2, 5, 31
Let x = 62 - 60. Let y(c) = 179*c**2 + 2*c - 4. Let l be y(x). Suppose -94*h = -98*h + l. What are the prime factors of h?
179
What are the prime factors of (-606 + -1)/(((-111)/4514)/3)?
2, 61, 607
Let k(i) = -i - 8. Let s be k(-6). Let r be (s - (-6)/2)*9. Let b(w) = -w + 42. List the prime factors of b(r).
3, 11
Suppose 24*l + 12 = -4*r + 21*l, l + 3 = -r. Let d(t) = 0 - 2 - 16*t + 9. List the prime factors of d(r).
5, 11
Let d = 2985 + 3012. What are the prime factors of d?
3, 1999
Suppose -28224 = -4*d - 2*p, -2*d - 12*p + 14096 = -15*p. What are the prime factors of d?
2, 3527
Suppose -2*y + 0*v + 2*v - 4 = 0, 5*v = -4*y + 28. Let w be 10/20 + (-45)/y + -2. List the prime factors of w/(-180) - (-386)/30.
13
Let i(b) = -4*b**2 - 35*b - 45. Let o be i(-7). Suppose 3*m - u = 208 - 48, -2*m = o*u - 130. What are the prime factors of m?
5, 11
Let v(r) = 401*r + 3087. What are the prime factors of v(30)?
3, 5039
Let b = 317 - 317. Suppose -m - 5515 = -5*m - 5*l, -2*m + 5*l + 2735 = b. What are the prime factors of m?
5, 11
Let r(l) = -609*l. Let a be r(-1). Let c = a + -357. List the prime factors of c.
2, 3, 7
Let p(d) = -11353*d - 22. List the prime factors of p(-4).
2, 3, 5, 17, 89
Suppose -3*z - 262250 = -53*z. List the prime factors of z.
5, 1049
Suppose -z = -3*j + 147, -z + 217 = 5*j - 20. Suppose -58 = -2*s + j. Let v = s + -2. What are the prime factors of v?
3, 17
List the prime factors of (37 + -236)*(-7)/(28/144).
2, 3, 199
Let f(z) = 202*z + 124. Let l be f(-5). List the prime factors of -45 - l - 7/1.
2, 3, 139
Suppose 21*f - 43456 = 17*f - 5*r, -5*f - 2*r + 54337 = 0. List the prime factors of f.
3, 3623
Let n(m) = -2*m + 2. Let q be n(0). Suppose 199 = 2*u - 3*a, 0 = 3*u - q*a + 41 - 352. What are the prime factors of u?
107
Suppose 0 = 2*f - 74 + 16. Let w(c) = -13 - f*c + 49*c - 7. What are the prime factors of w(7)?
2, 3, 5
Let b(u) = 158*u + 5530. What are the prime factors of b(12)?
2, 47, 79
Suppose 243*q = 232*q + 649. Suppose q*g - 6090 = 54*g. What are the prime factors of g?
2, 3, 7, 29
Suppose 1474 - 478 = 4*b. Let o = 569 - b. What are the prime factors of o?
2, 5
Let j = -18289 - -35241. List the prime factors of j.
2, 13, 163
Let i = -2 - -15. Suppose i*u + 8 = 15*u. Suppose 0 = 10*g - 9*g + u*h - 175, 2*g = 4*h + 350. What are the prime factors of g?
5, 7
Suppose -6*u + 5*u = -398. Let j = u - 221. What are the prime factors of j?
3, 59
Let r(n) = 3*n**2 + 11*n - 9. Let m = 86 + -18. Suppose 7*t + 2 = -m. What are the prime factors of r(t)?
181
Let q(l) be the second derivative of -l**3/6 - 15*l**2 + 2*l. Let m be q(-8). Let y(d) = d**2 + 15*d - 1. List the prime factors of y(m).
3, 17
List the prime factors of ((-333)/270*-6 + -11)/((-18)/198780).
2, 3, 3313
Let o = -584 + 586. Suppose b + o = 26. List the prime factors of b.
2, 3
Suppose -125 + 149 = 6*h. Suppose -10*q - h*k - 3790 = -15*q, q - 5*k = 758. List the prime factors of q.
2, 379
Let s(h) = 64*h**3 - 17*h**2 + 24*h - 10. List the prime factors of s(4).
2, 5, 17, 23
Suppose -191*n + 58*n + 290073 = 0. List the prime factors of n.
3, 727
Suppose 49*i + 16185 = 53*i + m, 16180 = 4*i - 4*m. List the prime factors of i.
2, 7, 17
Let t(y) = 889*y**3 + 33*y**2 + 3*y - 32. What are the prime factors of t(4)?
2, 113, 127
Let q = 2391 - -1499. What are the prime factors of q?
2, 5, 389
List the prime factors of (-4381104)/(-238) + 5/1.
18413
Let m(n) = n**3 + 3*n**2 + 11*n + 15. Let u be m(-5). Let y = -75 - u. Let a(v) = v**2 - 16*v + 29. What are the prime factors of a(y)?
2, 7
Let c(o) = 306*o + 12. Let m = 82 - 81. List the prime factors of c(m).
2, 3, 53
Let y = -6196 - -6201. Suppose 0*m = 2*m - 38. Suppose -4*l = -x - 176, -y*l - 3*x + 218 = -m. What are the prime factors of l?
3, 5
Suppose -5*x - 2*d = 122, x = 4*x + 5*d + 77. Suppose 36 = -s - y + 5*y, 5*y = 0. What are the prime factors of x/s + (-442)/(-3)?
2, 37
Let y be 1986 - (-1 + 4 - 7). Suppose 0 = -4*k - 2*m + 2022, -5*k + 560 = -2*m - y. What are the prime factors of (45/(-20) + 2)/((-1)/k)?
127
Suppose 3*x + 4*y = 7171 - 660, 0 = x + 2*y - 2167. Suppose -3*v + x = 4*f, -4*f + 1106 = -2*f - 2*v. List the prime factors of f.
2, 137
Suppose -6 = -2*x, 5*a + 7 = x - 6. Let k be a - (3 + 0) - -5. Suppose -3*g + 30 - 85 = -5*f, 2*g - 10 = k. What are the prime factors of f?
2, 7
Let y(h) = h**2 - 10*h - 7. Let a be y(11). Let u be (3 - a)/(3/153). Let p = u - -91. What are the prime factors of p?
2, 5
Suppose 3*r - 20432 = 2*v - 306, -2*r = -4*v - 13412. List the prime factors of r.
2, 5, 11, 61
Suppose 39 = 5*q + 4. Suppose 66 + 389 = q*r. Suppose -4*s = -3*j + r, 3*j + 2*s = -0 + 35. What are the prime factors of j?
3, 5
Let i be ((-1)/2)/((-1)/46). Suppose 14*m - i = 13*m. What are the prime factors of m - (3 + 4 + -4)?
2, 5
Let x = -2863 - -8414. List the prime factors of x.
7, 13, 61
Suppose -7*q = -2*q - 4*p - 1400, -3*q = 3*p - 840. Suppose -2*m + 68 = -q. What are the prime factors of m?
2, 3, 29
Let t(d) be the third derivative of -5*d**4/12 + 9*d**3 - 49*d**2. List the prime factors of t(-13).
2, 23
List the prime factors of (-3)/3*((11 - 0) + 244314/(-21)).
59, 197
Let y = 3338 + 26007. What are the prime factors of y?
5, 5869
Let s = -213 - -732. Let z = 1353 - s. List the prime factors of z.
2, 3, 139
Suppose 0 = 5*d - 56 - 4. Suppose 18*u - 3198 = d*u. Suppose 3*r = a + u, r - a + 2*a - 175 = 0. List the prime factors of r.
3, 59
Suppose -18*j = 2*w - 23*j - 46486, -3*j - 23245 = -w. What are the prime factors of w?
7, 3319
Let g(o) = -o**3 + 6*o**2 + 4*o - 16. Let m be g(-6). Suppose 481 + m = 3*d. List the prime factors of d.
3, 97
Let g(a) be the first derivative of -6*a + 4*a + 16*a + 3*a**2 + a**3 - 18. What are the prime factors of g(-6)?
2, 43
Let h(n) = n**3 - 14*n**2 - 14*n - 15. Suppose t + 5*i = 0, 75 = 4*t - 4*i - i. Let p be h(t). Suppose 5*f + 0*f - 735 = p. What are the prime factors of f?
3, 7
Suppose 13*g = 6*g + 21. Suppose -g*d + d + 2 = 0, -d - 753 = -2*z. Suppose -2*l = 11*l - z. What are the prime factors of l?
29
Suppose -3*v + 2041 = 5*d, 0 = 2*v + d - 0*d - 1349. Let o = v - 238. What are the prime factors of o?
2, 7, 31
Let r(c) = -50*c - 715. What are the prime factors of r(-30)?
5, 157
Suppose -6 + 21 = z + 2*x, -x - 69 = -4*z. Let k(d) = 402 + 14*d + z*d**2 - 350 + d**3 + 0*d**2. List the prime factors of k(-16).
2, 3, 7
Let v = -848 + 8585. What are the prime factors of v?
3, 2579
List the prime factors of (-153 + 51)/(2*(-9)/876).
2, 17, 73
Let s = 124607 + -82703. What are the prime factors of s?
2, 3, 97
Suppose -9*w - 313 + 2788 = 0. Let i = 67 + w. List the prime factors of i.
2, 3, 19
Let o = -44 + 46. Let h(j) = 8 - 4*j**o - j**3 + 22*j**2 - 14*j**2. List the prime factors of h(4).
2
Suppose 0 = q + 5*r - 151, -5*q + 3*r = -758 + 59. Suppose 0 = z - 42 - 13. Let a = q - z. List the prime factors of a.
2, 43
Let t(f) = 2*f**2 + 21*f + 10. Let r be t(-10). Suppose 2*a - 3 - 1 = r. Suppose 0 = -a*m + 14 - 4, -2*m + 48 = g. What are the prime factors of g?
2, 19
Suppose -4*x = -h - 10, -3*x + 5*h - 1 = -0*x. Suppose x*p - 158 = 31. Let o = -13 + p. List the prime factors of o.
2, 5
Suppose 0 = -5*a - 4*n + 25214, 9*a - 5056 = 8*a - 3*n. List the prime factors of a.
2, 11, 229
Let y be ((